units digit of 59?
9
What is the units digit of 894?
4
What is the units digit of 6579?
9
What is the units digit of 495?
5
What is the thousands digit of 3632?
3
What is the tens digit of 6604?
0
What is the units digit of 1618?
8
What is the units digit of 25438?
8
What is the hundreds digit of 1083?
0
What is the units digit of 4486?
6
What is the hundreds digit of 104?
1
What is the hundreds digit of 12728?
7
What is the thousands digit of 18137?
8
What is the tens digit of 44684?
8
What is the thousands digit of 1233?
1
What is the tens digit of 38004?
0
What is the tens digit of 70827?
2
What is the units digit of 607?
7
What is the units digit of 93562?
2
What is the tens digit of 95925?
2
What is the tens digit of 28?
2
What is the hundreds digit of 772?
7
What is the tens digit of 525?
2
What is the tens digit of 46255?
5
What is the thousands digit of 2658?
2
What is the ten thousands digit of 13522?
1
What is the tens digit of 88412?
1
What is the tens digit of 4329?
2
What is the tens digit of 469?
6
What is the units digit of 1253?
3
What is the units digit of 967?
7
What is the hundreds digit of 825?
8
What is the hundreds digit of 376?
3
What is the hundreds digit of 7374?
3
What is the tens digit of 566?
6
What is the ten thousands digit of 13672?
1
What is the tens digit of 667?
6
What is the units digit of 7839?
9
What is the ten thousands digit of 23401?
2
What is the tens digit of 1745?
4
What is the units digit of 727?
7
What is the tens digit of 35808?
0
What is the tens digit of 593?
9
What is the ten thousands digit of 21643?
2
What is the thousands digit of 2527?
2
What is the units digit of 2287?
7
What is the thousands digit of 21187?
1
What is the tens digit of 6817?
1
What is the tens digit of 1375?
7
What is the thousands digit of 1156?
1
What is the units digit of 31366?
6
What is the thousands digit of 17108?
7
What is the units digit of 494?
4
What is the units digit of 252?
2
What is the hundreds digit of 1405?
4
What is the hundreds digit of 2078?
0
What is the units digit of 20452?
2
What is the tens digit of 16?
1
What is the units digit of 186?
6
What is the tens digit of 14316?
1
What is the hundreds digit of 1134?
1
What is the thousands digit of 10734?
0
What is the hundreds digit of 1322?
3
What is the thousands digit of 123498?
3
What is the units digit of 1770?
0
What is the tens digit of 35569?
6
What is the tens digit of 17529?
2
What is the ten thousands digit of 111576?
1
What is the tens digit of 158?
5
What is the units digit of 4105?
5
What is the units digit of 73896?
6
What is the hundreds digit of 1190?
1
What is the units digit of 147?
7
What is the tens digit of 1906?
0
What is the units digit of 90262?
2
What is the tens digit of 6961?
6
What is the units digit of 38313?
3
What is the thousands digit of 1546?
1
What is the units digit of 20187?
7
What is the tens digit of 10157?
5
What is the ten thousands digit of 39913?
3
What is the hundreds digit of 8397?
3
What is the units digit of 5055?
5
What is the units digit of 18263?
3
What is the units digit of 2094?
4
What is the units digit of 1004?
4
What is the thousands digit of 62643?
2
What is the ten thousands digit of 12707?
1
What is the tens digit of 91173?
7
What is the hundreds digit of 23029?
0
What is the units digit of 411?
1
What is the hundreds digit of 1853?
8
What is the hundreds digit of 324?
3
What is the thousands digit of 7693?
7
What is the hundred thousands digit of 122502?
1
What is the tens digit of 601?
0
What is the hundreds digit of 1109?
1
What is the tens digit of 41823?
2
What is the units digit of 73726?
6
What is the units digit of 5613?
3
What is the units digit of 50944?
4
What is the units digit of 6208?
8
What is the ten thousands digit of 35140?
3
What is the units digit of 487?
7
What is the units digit of 51741?
1
What is the thousands digit of 8585?
8
What is the tens digit of 12329?
2
What is the tens digit of 57938?
3
What is the hundreds digit of 292?
2
What is the tens digit of 3830?
3
What is the ten thousands digit of 34814?
3
What is the hundreds digit of 36811?
8
What is the tens digit of 431?
3
What is the units digit of 7724?
4
What is the tens digit of 509?
0
What is the units digit of 2133?
3
What is the tens digit of 12?
1
What is the tens digit of 757?
5
What is the units digit of 2642?
2
What is the tens digit of 59382?
8
What is the units digit of 1797?
7
What is the tens digit of 679?
7
What is the tens digit of 2149?
4
What is the units digit of 15959?
9
What is the ten thousands digit of 48976?
4
What is the units digit of 158?
8
What is the units digit of 646?
6
What is the tens digit of 980?
8
What is the units digit of 2706?
6
What is the hundreds digit of 50522?
5
What is the tens digit of 1265?
6
What is the tens digit of 5088?
8
What is the thousands digit of 3191?
3
What is the thousands digit of 48451?
8
What is the thousands digit of 1137?
1
What is the units digit of 103845?
5
What is the units digit of 699?
9
What is the thousands digit of 11791?
1
What is the units digit of 1277?
7
What is the hundreds digit of 80698?
6
What is the tens digit of 146?
4
What is the hundreds digit of 2788?
7
What is the ten thousands digit of 14714?
1
What is the tens digit of 5282?
8
What is the thousands digit of 1275?
1
What is the units digit of 2002?
2
What is the units digit of 84457?
7
What is the units digit of 121897?
7
What is the hundreds digit of 6450?
4
What is the ten thousands digit of 35117?
3
What is the ten thousands digit of 11872?
1
What is the thousands digit of 4650?
4
What is the hundreds digit of 3458?
4
What is the hundreds digit of 21288?
2
What is the units digit of 928?
8
What is the units digit of 1525?
5
What is the units digit of 1796?
6
What is the hundreds digit of 864?
8
What is the tens digit of 125?
2
What is the thousands digit of 1592?
1
What is the tens digit of 21462?
6
What is the thousands digit of 80492?
0
What is the tens digit of 1466?
6
What is the thousands digit of 23096?
3
What is the hundreds digit of 9348?
3
What is the thousands digit of 1059?
1
What is the tens digit of 5944?
4
What is the tens digit of 257?
5
What is the ten thousands digit of 34124?
3
What is the hundreds digit of 3252?
2
What is the tens digit of 558?
5
What is the tens digit of 2802?
0
What is the tens digit of 3348?
4
What is the ten thousands digit of 25937?
2
What is the hundreds digit of 883?
8
What is the tens digit of 2602?
0
What is the tens digit of 215?
1
What is the hundreds digit of 326?
3
What is the tens digit of 846?
4
What is the thousands digit of 7089?
7
What is the thousands digit of 5335?
5
What is the tens digit of 690?
9
What is the hundreds digit of 14220?
2
What is the units digit of 1731?
1
What is the tens digit of 11?
1
What is the ten thousands digit of 12244?
1
What is the hundreds digit of 49060?
0
What is the tens digit of 2099?
9
What is the hundreds digit of 532?
5
What is the units digit of 6474?
4
What is the units digit of 5116?
6
What is the thousands digit of 8069?
8
What is the units digit of 13392?
2
What is the tens digit of 16356?
5
What is the hundreds digit of 53724?
7
What is the tens digit of 17539?
3
What is the hundreds digit of 7896?
8
What is the tens digit of 100372?
7
What is the units digit of 207?
7
What is the units digit of 2663?
3
What is the tens digit of 55371?
7
What is the tens digit of 824?
2
What is the hundreds digit of 64803?
8
What is the tens digit of 4600?
0
What is the tens digit of 738?
3
What is the tens digit of 5590?
9
What is the ten thousands digit of 65692?
6
What is the tens digit of 40264?
6
What is the units digit of 2319?
9
What is the hundreds digit of 20558?
5
What is the hundreds digit of 41419?
4
What is the tens digit of 336?
3
What is the tens digit of 1806?
0
What is the thousands digit of 206143?
6
What is the hundreds digit of 2964?
9
What is the ten thousands digit of 15082?
1
What is the thousands digit of 1399?
1
What is the tens digit of 27050?
5
What is the hundreds digit of 510?
5
What is the units digit of 43160?
0
What is the hundreds digit of 19263?
2
What is the thousands digit of 23200?
3
What is the tens digit of 469?
6
What is the units digit of 144541?
1
What